se
Does 118 divide 63130?
True
Is 768 a factor of 13659648?
True
Is 2483012 a multiple of 497?
True
Is 64 a factor of 20300?
False
Is 3580185 a multiple of 323?
False
Is 321 a factor of 716008?
False
Is 28838 a multiple of 13?
False
Is 51 a factor of 84221?
False
Does 754 divide 5566782?
True
Does 163 divide 623152?
False
Does 5 divide 63765?
True
Does 627 divide 4499352?
True
Is 14 a factor of 17426157?
False
Does 3 divide 169786?
False
Is 63 a factor of 75378?
False
Is 104468 a multiple of 49?
True
Is 796775 a multiple of 1015?
True
Is 16984 a multiple of 22?
True
Does 119 divide 20020131?
False
Is 133 a factor of 127813?
True
Is 136 a factor of 463316?
False
Does 58 divide 1242133?
False
Is 612096 a multiple of 96?
True
Is 842 a factor of 20322227?
False
Is 815039 a multiple of 6?
False
Does 18 divide 29538?
True
Is 1899693 a multiple of 141?
True
Is 127 a factor of 4646803?
True
Is 88 a factor of 36872?
True
Does 8 divide 81480?
True
Is 6181175 a multiple of 455?
True
Does 11 divide 291899?
False
Does 14 divide 592662?
True
Does 3 divide 297210?
True
Does 230 divide 95680?
True
Is 229 a factor of 374931?
False
Does 109 divide 10134279?
False
Does 227 divide 91254?
True
Does 71 divide 1671540?
False
Does 125 divide 168125?
True
Is 12 a factor of 37520?
False
Does 356 divide 3571392?
True
Does 53 divide 206923?
False
Does 14 divide 237830?
False
Is 7 a factor of 55091?
False
Is 995620 a multiple of 603?
False
Does 128 divide 670150?
False
Is 217 a factor of 397157?
False
Is 4032648 a multiple of 551?
False
Does 94 divide 357438?
False
Is 253987 a multiple of 18?
False
Is 8 a factor of 61724?
False
Does 19 divide 48836?
False
Is 46 a factor of 1920408?
True
Does 60 divide 403659?
False
Does 400 divide 1322257?
False
Is 86416 a multiple of 176?
True
Is 370 a factor of 88712?
False
Is 22 a factor of 83886?
True
Is 14380 a multiple of 5?
True
Does 6 divide 364191?
False
Does 13 divide 360384?
False
Does 16 divide 17571310?
False
Is 1997488 a multiple of 524?
True
Is 97 a factor of 79346?
True
Is 93132 a multiple of 18?
True
Does 440 divide 4105200?
True
Does 754 divide 486349?
False
Is 105 a factor of 6708359?
False
Does 16 divide 3465200?
True
Is 7637436 a multiple of 281?
False
Does 341 divide 1183952?
True
Does 57 divide 2984064?
True
Is 215 a factor of 2692302?
False
Is 57 a factor of 4232307?
True
Is 331 a factor of 305513?
True
Is 4 a factor of 94520?
True
Is 3857491 a multiple of 16?
False
Is 9724847 a multiple of 20?
False
Is 2 a factor of 24641?
False
Is 511894 a multiple of 36?
False
Is 49 a factor of 39939?
False
Does 59 divide 1125720?
True
Is 148834 a multiple of 114?
False
Is 791 a factor of 1859641?
True
Is 290 a factor of 205320?
True
Does 35 divide 30240?
True
Does 30 divide 1094280?
True
Does 30 divide 42434?
False
Is 54 a factor of 209984?
False
Does 8 divide 35076?
False
Does 4 divide 345484?
True
Does 48 divide 3402509?
False
Does 14 divide 8873312?
True
Is 42 a factor of 27468?
True
Is 8 a factor of 6933?
False
Does 722 divide 2106074?
True
Is 100 a factor of 45880?
False
Is 20 a factor of 138740?
True
Is 650 a factor of 21470150?
True
Is 18 a factor of 2162163?
False
Does 404 divide 559540?
True
Is 95732 a multiple of 14?
True
Is 800000 a multiple of 80?
True
Is 306 a factor of 1672741?
False
Does 1416 divide 4804965?
False
Is 1025436 a multiple of 259?
False
Does 7 divide 4835194?
True
Does 12 divide 554544?
True
Is 809 a factor of 604323?
True
Is 835270 a multiple of 23?
False
Is 11 a factor of 19306131?
False
Is 8322 a multiple of 38?
True
Is 231 a factor of 166782?
True
Does 7 divide 72310?
True
Does 12 divide 157764?
True
Does 202 divide 2437130?
True
Is 23 a factor of 2430709?
True
Is 2632538 a multiple of 10?
False
Is 2352264 a multiple of 92?
False
Is 10893168 a multiple of 13?
True
Does 269 divide 10321210?
False
Is 98 a factor of 915707?
False
Does 18 divide 355591?
False
Is 134 a factor of 64052?
True
Is 33304 a multiple of 4?
True
Does 8 divide 232910?
False
Is 76 a factor of 5575?
False
Is 324 a factor of 25186077?
False
Is 4 a factor of 41128?
True
Is 24 a factor of 84517?
False
Is 22 a factor of 1593146?
False
Does 520 divide 216840?
True
Is 87508 a multiple of 334?
True
Is 76 a factor of 228?
True
Is 1617102 a multiple of 20?
False
Is 693135 a multiple of 633?
True
Does 698 divide 35598?
True
Is 63 a factor of 10198?
False
Does 268 divide 58960?
True
Is 6 a factor of 1226481?
False
Is 1389143 a multiple of 6?
False
Is 41 a factor of 188580?
False
Is 624435 a multiple of 15?
True
Is 283 a factor of 6365812?
False
Is 1558 a factor of 8690524?
True
Does 51 divide 2284061?
False
Does 862 divide 1795110?
False
Is 2903242 a multiple of 37?
True
Is 1441216 a multiple of 285?
False
Is 12 a factor of 1473048?
True
Does 23 divide 793093?
False
Does 45 divide 1849725?
True
Is 735155 a multiple of 9?
False
Does 16 divide 1947709?
False
Is 36 a factor of 2657723?
False
Is 41 a factor of 178473?
True
Is 442357 a multiple of 588?
False
Is 174 a factor of 59160?
True
Does 561 divide 2121702?
True
Is 1147 a factor of 2504929?
False
Is 66 a factor of 511110?
False
Is 54159 a multiple of 5?
False
Is 1434 a factor of 12018354?
True
Does 259 divide 3786062?
True
Does 43 divide 431789?
False
Is 66385 a multiple of 11?
True
Does 111 divide 162904?
False
Is 46769 a multiple of 48?
False
Is 8304905 a multiple of 217?
False
Is 9511248 a multiple of 38?
True
Is 253 a factor of 2610201?
True
Is 11 a factor of 5278626?
False
Does 9 divide 37422?
True
Does 497 divide 98802?
False
Is 694548 a multiple of 177?
True
Does 3 divide 511960?
False
Is 26 a factor of 297771?
False
Is 463 a factor of 5185048?
False
Does 2 divide 246?
True
Is 17 a factor of 28492?
True
Is 7704 a multiple of 18?
True
Is 53 a factor of 122536?
True
Does 68 divide 60520?
True
Is 119 a factor of 724434?
False
Is 2034175 a multiple of 82?
False
Is 231929 a multiple of 18?
False
Does 6 divide 62815?
False
Does 25 divide 1435492?
False
Is 187422 a multiple of 2?
True
Is 44959 a multiple of 3?
False
Does 7 divide 23070?
False
Is 10 a factor of 3998855?
False
Is 15 a factor of 7193653?
False
Is 102 a factor of 2252741?
False
Does 11 divide 8768067?
True
Is 19792380 a multiple of 44?
False
Is 390285 a multiple of 413?
True
Is 19 a factor of 6291603?
True
Is 1006 a factor of 1616601?
False
Is 320 a factor of 3175372?
False
Is 343 a factor of 1372?
True
Is 10 a factor of 464255?
False
Is 855352 a multiple of 2?
True
Is 3795980 a multiple of 5?
True
Is 170 a factor of 365572?
False
Is 93 a factor of 116157?
True
Does 221 divide 63858?
False
Is 7 a factor of 1403543?
False
Is 18 a factor of 1072764?
True
Does 19 divide 13942489?
False
Is 10 a factor of 16800?
True
Is 995 a factor of 126088?
False
Is 268356 a multiple of 642?
True
Is 1042482 a multiple of 15?
False
Is 61 a factor of 193110?
False
Is 380283 a multiple of 28?
False
Is 10615252 a multiple of 86?
False
Is 3 a factor of 454140?
True
Is 6270768 a multiple of 21?
True
Is 8364 a multiple of 31?
False
Does 110 divide 464737?
False
Is 810 a factor of 6333770?
False
Does 620 divide 481120?
True
Is 591 a factor of 13098333?
True
Does 37 divide 8182627?
False
Is 14 a factor of 2172240?
True
Is 74613 a multiple of 231?
True
Does 362 divide 2780994?
False
Does 15 divide 6077085?
True
Is 28 a factor of 558460?
True
Does 7 divide 356837?
False
Is 609 a factor of 5251352?
False
Is 3148460 a multiple of 14?
True
Is 118 a factor of 2725328?
True
Is 15 a factor of 145860?
True
Is 3 a factor of 31777?
False
Is 29 a factor of 109011?
True
Is 3652652 a multiple of 12?
False
Is 25 a factor of 1084133?
False
Does 12 divide 591492?
True
Does 42 divide 97018?
False
Does 35 divide 3109890?
True
Is 6255746 a multiple of 585?
False
Is 6116058 a multiple of 886?
True
Is 87 a factor of 3135480?
True
Is 12 a factor of 5902440?
True
Is 3678239 a multiple of 61?
True
Is 3962504 a multiple of 26?
True
Does 32 divide 3102673?
False
Does 153 divide 55655?
False
Is 20 a factor of 479688?
False
Is 53 a factor of 202351?
False
Is 11442255 a multiple of 823?
False
Is 6 a factor of 200460?
True
Is 40 a factor of 1753000?
True
Does 169 divide 1004952?
False
Does 11 divide 17608?
False
Is 21 a factor of 556723?
False
Is 276438 a multiple of 17?
False
D